{"id":739,"date":"2022-04-06T18:20:26","date_gmt":"2022-04-06T16:20:26","guid":{"rendered":"http:\/\/eshop.raffaelart.cz\/?post_type=product&#038;p=739"},"modified":"2022-04-26T16:26:36","modified_gmt":"2022-04-26T14:26:36","slug":"rom-din-a6-dverni-stitek","status":"publish","type":"product","link":"http:\/\/eshop.raffaelart.cz\/index.php\/produkt\/rom-din-a6-dverni-stitek\/","title":{"rendered":"ROM DIN A6, dve\u0159n\u00ed \u0161t\u00edtek"},"content":{"rendered":"","protected":false},"excerpt":{"rendered":"<p>ROM dve\u0159n\u00ed \u0161t\u00edtek DIN A6<br \/>\n\u2022 Samolep\u00edc\u00ed<br \/>\n\u2022 Form\u00e1t: 103 x 151 mm<br \/>\n\u2022 Pap\u00edrov\u00e1 vlo\u017eka pro tisk: 102,5 x 147,5<br \/>\n\u2022 Z\u00e1kladn\u00ed deska: hlin\u00edk st\u0159\u00edbrn\u011b eloxovan\u00fd<br \/>\n\u2022 Antireflexn\u00ed kryt<br \/>\n\u2022 \u0160ed\u00e9 koncovky<br \/>\nUveden\u00e1 cena v\u010d. DPH do 9 ks(cena\/ks bez DPH 203,31)<br \/>\nBalen\u00ed 10 kus\u016f a v\u00edce (cena za 1 ks bez DPH 190,99)                                                                <\/p>\n","protected":false},"featured_media":736,"comment_status":"open","ping_status":"closed","template":"","meta":[],"product_cat":[27],"product_tag":[],"_links":{"self":[{"href":"http:\/\/eshop.raffaelart.cz\/index.php\/wp-json\/wp\/v2\/product\/739"}],"collection":[{"href":"http:\/\/eshop.raffaelart.cz\/index.php\/wp-json\/wp\/v2\/product"}],"about":[{"href":"http:\/\/eshop.raffaelart.cz\/index.php\/wp-json\/wp\/v2\/types\/product"}],"replies":[{"embeddable":true,"href":"http:\/\/eshop.raffaelart.cz\/index.php\/wp-json\/wp\/v2\/comments?post=739"}],"wp:featuredmedia":[{"embeddable":true,"href":"http:\/\/eshop.raffaelart.cz\/index.php\/wp-json\/wp\/v2\/media\/736"}],"wp:attachment":[{"href":"http:\/\/eshop.raffaelart.cz\/index.php\/wp-json\/wp\/v2\/media?parent=739"}],"wp:term":[{"taxonomy":"product_cat","embeddable":true,"href":"http:\/\/eshop.raffaelart.cz\/index.php\/wp-json\/wp\/v2\/product_cat?post=739"},{"taxonomy":"product_tag","embeddable":true,"href":"http:\/\/eshop.raffaelart.cz\/index.php\/wp-json\/wp\/v2\/product_tag?post=739"}],"curies":[{"name":"wp","href":"https:\/\/api.w.org\/{rel}","templated":true}]}}