{"id":204,"date":"2018-06-25T12:00:09","date_gmt":"2018-06-25T10:00:09","guid":{"rendered":"http:\/\/eshop.raffaelart.cz\/?post_type=product&#038;p=204"},"modified":"2022-04-26T16:07:02","modified_gmt":"2022-04-26T14:07:02","slug":"frankfurt-vnitrni-stojan","status":"publish","type":"product","link":"http:\/\/eshop.raffaelart.cz\/index.php\/produkt\/frankfurt-vnitrni-stojan\/","title":{"rendered":"Frankfurt,  stojan vnit\u0159n\u00ed, 1500 x 380, Al elox, kryt PVC"},"content":{"rendered":"","protected":false},"excerpt":{"rendered":"<p>FRANKFURT vnit\u0159n\u00ed stojan vypoukl\u00e9ho tvaru, oboustrann\u00fd<br \/>\n\u2022 Form\u00e1t: 1500 x 380 mm<br \/>\n\u2022 Viditeln\u00e1 plocha: 1500 x 297 mm<br \/>\n\u2022 Bo\u010dn\u00ed koncov\u00fd profil Al elox<br \/>\n\u2022 V\u00edko a z\u00e1kladn\u00ed deska \u0161ed\u00fd komaxit<br \/>\n\u2022 PVC kryt s antireflexn\u00ed vrstvou na obou stran\u00e1ch<br \/>\n\u2022 V\u010detn\u011b plst\u011bn\u00fdch klouzk\u016f<br \/>\n\u2022 Vzdu\u0161n\u00e9 vakuum<\/p>\n<p>Uveden\u00e1 cena v\u010d. DPH (cena bez DPH 4947,11 K\u010d)<\/p>\n","protected":false},"featured_media":203,"comment_status":"open","ping_status":"closed","template":"","meta":[],"product_cat":[12],"product_tag":[],"_links":{"self":[{"href":"http:\/\/eshop.raffaelart.cz\/index.php\/wp-json\/wp\/v2\/product\/204"}],"collection":[{"href":"http:\/\/eshop.raffaelart.cz\/index.php\/wp-json\/wp\/v2\/product"}],"about":[{"href":"http:\/\/eshop.raffaelart.cz\/index.php\/wp-json\/wp\/v2\/types\/product"}],"replies":[{"embeddable":true,"href":"http:\/\/eshop.raffaelart.cz\/index.php\/wp-json\/wp\/v2\/comments?post=204"}],"wp:featuredmedia":[{"embeddable":true,"href":"http:\/\/eshop.raffaelart.cz\/index.php\/wp-json\/wp\/v2\/media\/203"}],"wp:attachment":[{"href":"http:\/\/eshop.raffaelart.cz\/index.php\/wp-json\/wp\/v2\/media?parent=204"}],"wp:term":[{"taxonomy":"product_cat","embeddable":true,"href":"http:\/\/eshop.raffaelart.cz\/index.php\/wp-json\/wp\/v2\/product_cat?post=204"},{"taxonomy":"product_tag","embeddable":true,"href":"http:\/\/eshop.raffaelart.cz\/index.php\/wp-json\/wp\/v2\/product_tag?post=204"}],"curies":[{"name":"wp","href":"https:\/\/api.w.org\/{rel}","templated":true}]}}

Frankfurt,  stojan vnitřní, 1500 x 380, Al elox, kryt PVC

<p>FRANKFURT vnitřní stojan vypouklého tvaru, oboustranný<br />
• Formát: 1500 x 380 mm<br />
• Viditelná plocha: 1500 x 297 mm<br />
• Boční koncový profil Al elox<br />
• Víko a základní deska šedý komaxit<br />
• PVC kryt s antireflexní vrstvou na obou stranách<br />
• Včetně plstěných klouzků<br />
• Vzdušné vakuum</p>
<p>Uvedená cena vč. DPH (cena bez DPH 4947,11 Kč)</p>
