{"id":127,"date":"2018-02-13T12:13:49","date_gmt":"2018-02-13T11:13:49","guid":{"rendered":"http:\/\/eshop.raffaelart.cz\/?post_type=product&#038;p=127"},"modified":"2022-02-22T15:19:59","modified_gmt":"2022-02-22T14:19:59","slug":"frankfurt-148","status":"publish","type":"product","link":"http:\/\/eshop.raffaelart.cz\/index.php\/produkt\/frankfurt-148\/","title":{"rendered":"Frankfurt Dve\u0159n\u00ed \u0161t\u00edtek 148"},"content":{"rendered":"","protected":false},"excerpt":{"rendered":"<p>\u2022 Dve\u0159n\u00ed \u0161t\u00edtek<br \/>\n\u2022 Form\u00e1t: 148 x 155mm<br \/>\n\u2022 St\u0159\u00edbrn\u00fd Al elox<br \/>\n\u2022\u00a0Viditeln\u00e1 plocha: 148 x 143 mm<br \/>\n\u2022\u00a0Antireflexn\u00ed PVC kryt<br \/>\nUveden\u00e1 cena v\u010d. DPH (cena bez DPH 295,87 K\u010d)<br \/>\nOd 1 ks<\/p>\n","protected":false},"featured_media":126,"comment_status":"open","ping_status":"closed","template":"","meta":[],"product_cat":[12],"product_tag":[],"_links":{"self":[{"href":"http:\/\/eshop.raffaelart.cz\/index.php\/wp-json\/wp\/v2\/product\/127"}],"collection":[{"href":"http:\/\/eshop.raffaelart.cz\/index.php\/wp-json\/wp\/v2\/product"}],"about":[{"href":"http:\/\/eshop.raffaelart.cz\/index.php\/wp-json\/wp\/v2\/types\/product"}],"replies":[{"embeddable":true,"href":"http:\/\/eshop.raffaelart.cz\/index.php\/wp-json\/wp\/v2\/comments?post=127"}],"wp:featuredmedia":[{"embeddable":true,"href":"http:\/\/eshop.raffaelart.cz\/index.php\/wp-json\/wp\/v2\/media\/126"}],"wp:attachment":[{"href":"http:\/\/eshop.raffaelart.cz\/index.php\/wp-json\/wp\/v2\/media?parent=127"}],"wp:term":[{"taxonomy":"product_cat","embeddable":true,"href":"http:\/\/eshop.raffaelart.cz\/index.php\/wp-json\/wp\/v2\/product_cat?post=127"},{"taxonomy":"product_tag","embeddable":true,"href":"http:\/\/eshop.raffaelart.cz\/index.php\/wp-json\/wp\/v2\/product_tag?post=127"}],"curies":[{"name":"wp","href":"https:\/\/api.w.org\/{rel}","templated":true}]}}

Frankfurt Dveřní štítek 148

<p>• Dveřní štítek<br />
• Formát: 148 x 155mm<br />
• Stříbrný Al elox<br />
• Viditelná plocha: 148 x 143 mm<br />
• Antireflexní PVC kryt<br />
Uvedená cena vč. DPH (cena bez DPH 295,87 Kč)<br />
Od 1 ks</p>
