{"id":100,"date":"2016-12-28T11:45:11","date_gmt":"2016-12-28T10:45:11","guid":{"rendered":"http:\/\/eshop.raffaelart.cz\/?post_type=product&#038;p=100"},"modified":"2022-02-22T15:34:48","modified_gmt":"2022-02-22T14:34:48","slug":"frankfurt-din-a5-na-vysku","status":"publish","type":"product","link":"http:\/\/eshop.raffaelart.cz\/index.php\/produkt\/frankfurt-din-a5-na-vysku\/","title":{"rendered":"Frankfurt Dve\u0159n\u00ed \u0161t\u00edtek 210 x 155, DIN A5"},"content":{"rendered":"","protected":false},"excerpt":{"rendered":"<p>\u2022 Dve\u0159n\u00ed \u0161t\u00edtek<br \/>\n\u2022 Form\u00e1t: 210 x 155 mm<br \/>\n\u2022 St\u0159\u00edbrn\u00fd Al elox<br \/>\n\u2022\u00a0Viditeln\u00e1 plocha: 210 x 143 mm<br \/>\n\u2022\u00a0Antireflexn\u00ed PVC kryt<br \/>\nUveden\u00e1 cena v\u010d. DPH (cena bez DPH 406,62 K\u010d)<br \/>\nOd 1 ks<\/p>\n","protected":false},"featured_media":217,"comment_status":"open","ping_status":"closed","template":"","meta":[],"product_cat":[12],"product_tag":[],"_links":{"self":[{"href":"http:\/\/eshop.raffaelart.cz\/index.php\/wp-json\/wp\/v2\/product\/100"}],"collection":[{"href":"http:\/\/eshop.raffaelart.cz\/index.php\/wp-json\/wp\/v2\/product"}],"about":[{"href":"http:\/\/eshop.raffaelart.cz\/index.php\/wp-json\/wp\/v2\/types\/product"}],"replies":[{"embeddable":true,"href":"http:\/\/eshop.raffaelart.cz\/index.php\/wp-json\/wp\/v2\/comments?post=100"}],"wp:featuredmedia":[{"embeddable":true,"href":"http:\/\/eshop.raffaelart.cz\/index.php\/wp-json\/wp\/v2\/media\/217"}],"wp:attachment":[{"href":"http:\/\/eshop.raffaelart.cz\/index.php\/wp-json\/wp\/v2\/media?parent=100"}],"wp:term":[{"taxonomy":"product_cat","embeddable":true,"href":"http:\/\/eshop.raffaelart.cz\/index.php\/wp-json\/wp\/v2\/product_cat?post=100"},{"taxonomy":"product_tag","embeddable":true,"href":"http:\/\/eshop.raffaelart.cz\/index.php\/wp-json\/wp\/v2\/product_tag?post=100"}],"curies":[{"name":"wp","href":"https:\/\/api.w.org\/{rel}","templated":true}]}}

Frankfurt Dveřní štítek 210 x 155, DIN A5

<p>• Dveřní štítek<br />
• Formát: 210 x 155 mm<br />
• Stříbrný Al elox<br />
• Viditelná plocha: 210 x 143 mm<br />
• Antireflexní PVC kryt<br />
Uvedená cena vč. DPH (cena bez DPH 406,62 Kč)<br />
Od 1 ks</p>
