{"id":13,"date":"2016-08-24T00:28:03","date_gmt":"2016-08-23T22:28:03","guid":{"rendered":"http:\/\/eshop.raffaelart.cz\/index.php\/domu\/"},"modified":"2020-06-15T22:58:26","modified_gmt":"2020-06-15T20:58:26","slug":"domu","status":"publish","type":"page","link":"http:\/\/eshop.raffaelart.cz\/","title":{"rendered":"Home"},"content":{"rendered":"<div class=\"ra-content-layout\">\n<div class=\"ra-content-layout-row\">\n<div class=\"ra-layout-cell layout-item-1\" style=\"width: 100%;\">\n<h1 style=\"text-align: center;\"><span style=\"font-size: 18px; color: #000000;\">V\u00edtejte na webu firmy Raffael Info Art s.r.o. &#8211; Orienta\u010dn\u00ed syst\u00e9my<\/span><\/h1>\n<hr style=\"background-color: #3dbfd9; color: #3dbfd9; height: 2px;\" \/>\n<p><span style=\"color: #000000;\">Jako distributo\u0159i informa\u010dn\u00edch syst\u00e9m\u016f Moedel \u2013 N\u011bmecko pro \u010ceskou republiku, komplexn\u011b \u0159e\u0161\u00edme interi\u00e9r. V nab\u00eddce m\u00e1me n\u011bkolik syst\u00e9m\u016f, kter\u00e9 nemaj\u00ed u n\u00e1s konkurenci, a\u0165 u\u017e se je jedn\u00e1 nap\u0159. o syst\u00e9m Madrid nebo Sydney, dob\u0159e je tak\u00e9 vy\u0159e\u0161en syst\u00e9m Galerie &#8211; tabulky sklo<\/span><br \/>\n<span style=\"color: #000000;\">Syst\u00e9m Galerie nach\u00e1z\u00ed uplatn\u011bn\u00ed jak v historick\u00fdch budov\u00e1ch, tak v modern\u00ed architektu\u0159e. K tomuto syst\u00e9mu m\u016f\u017eeme nab\u00eddnout ve\u0161ker\u00fd spojovac\u00ed materi\u00e1l, jak pro upev\u0148ov\u00e1n\u00ed na st\u011bnu, tak pro zav\u011b\u0161en\u00ed pod strop, nebo lankov\u00e9 syst\u00e9my pro upevn\u011bn\u00ed tabul\u00ed mezi podlahu a strop.<\/span><br \/>\n<span style=\"color: #000000;\">Na\u0161e firma byla zalo\u017eena na podzim v roce 2001 dv\u011bma spole\u010dn\u00edky. <\/span><\/p>\n<p><span style=\"color: #000000;\">Krom\u011b uveden\u00e9ho orienta\u010dn\u00edho syst\u00e9mu, kter\u00fd je p\u0159ev\u00e1\u017en\u011b ur\u010den pro interi\u00e9r, dod\u00e1v\u00e1me i syst\u00e9my pro venkovn\u00ed zna\u010den\u00ed, jako jsou sm\u011brovky, orienta\u010dn\u00ed pl\u00e1ny, tabule pro zna\u010den\u00ed nau\u010dn\u00fdch stezek, v\u00edtac\u00ed tabule a pod. O t\u011bchto aktivit\u00e1ch v\u00edce na <a href=\"http:\/\/www.raffaelart.cz\">www.raffaelart.cz<\/a><\/span><br \/>\n<span style=\"color: #ffffff;\"><br \/>\n<span style=\"color: #000000;\">Miroslav Navr\u00e1til, spolumajitel a jednatel firmy.<\/span><\/span><\/p>\n<p>&nbsp;<\/p>\n<\/div>\n<\/div>\n<\/div>\n","protected":false},"excerpt":{"rendered":"<p>V\u00edtejte na webu firmy Raffael Info Art s.r.o. &#8211; Orienta\u010dn\u00ed syst\u00e9my Jako distributo\u0159i informa\u010dn\u00edch syst\u00e9m\u016f Moedel \u2013 N\u011bmecko pro \u010ceskou republiku, komplexn\u011b \u0159e\u0161\u00edme interi\u00e9r. V nab\u00eddce m\u00e1me n\u011bkolik syst\u00e9m\u016f, kter\u00e9 nemaj\u00ed u n\u00e1s konkurenci, a\u0165 u\u017e se je jedn\u00e1 nap\u0159. o syst\u00e9m Madrid nebo Sydney, dob\u0159e je tak\u00e9 vy\u0159e\u0161en syst\u00e9m Galerie &#8211; tabulky sklo Syst\u00e9m [&hellip;]<\/p>\n","protected":false},"author":1,"featured_media":0,"parent":0,"menu_order":1,"comment_status":"closed","ping_status":"closed","template":"","meta":[],"_links":{"self":[{"href":"http:\/\/eshop.raffaelart.cz\/index.php\/wp-json\/wp\/v2\/pages\/13"}],"collection":[{"href":"http:\/\/eshop.raffaelart.cz\/index.php\/wp-json\/wp\/v2\/pages"}],"about":[{"href":"http:\/\/eshop.raffaelart.cz\/index.php\/wp-json\/wp\/v2\/types\/page"}],"author":[{"embeddable":true,"href":"http:\/\/eshop.raffaelart.cz\/index.php\/wp-json\/wp\/v2\/users\/1"}],"replies":[{"embeddable":true,"href":"http:\/\/eshop.raffaelart.cz\/index.php\/wp-json\/wp\/v2\/comments?post=13"}],"version-history":[{"count":31,"href":"http:\/\/eshop.raffaelart.cz\/index.php\/wp-json\/wp\/v2\/pages\/13\/revisions"}],"predecessor-version":[{"id":622,"href":"http:\/\/eshop.raffaelart.cz\/index.php\/wp-json\/wp\/v2\/pages\/13\/revisions\/622"}],"wp:attachment":[{"href":"http:\/\/eshop.raffaelart.cz\/index.php\/wp-json\/wp\/v2\/media?parent=13"}],"curies":[{"name":"wp","href":"https:\/\/api.w.org\/{rel}","templated":true}]}}